{"id":879,"date":"2012-05-01T16:51:05","date_gmt":"2012-05-01T16:51:05","guid":{"rendered":"http:\/\/xn--werderaner-frchtchen-1ec.de\/?page_id=879"},"modified":"2024-05-02T04:43:25","modified_gmt":"2024-05-02T04:43:25","slug":"aufgaben-und-ziele","status":"publish","type":"page","link":"https:\/\/werderaner-fruechtchen.de\/?page_id=879","title":{"rendered":"Aufgaben und Ziele"},"content":{"rendered":"<p style=\"text-align: justify;\"><strong>In Zeiten knapper Haushaltskassen und Diskussionen \u00fcber die Finanzierung von Kitas, Schulen und Freizeitangeboten f\u00fcr Kinder sind soziales Engagement und Eigeninitiative notwendiger denn je!<\/strong><\/p>\n<h3 style=\"text-align: justify;\">Warum F\u00f6rderverein?<\/h3>\n<p style=\"text-align: justify;\">Eine Antwort auf die Frage nach dem Sinn von F\u00f6rdervereinen ist schlicht und einfach, dass viele Unternehmen (z. B. Banken) jedes Jahr Geld f\u00fcr gemeinn\u00fctzige Arbeit von Mitarbeitenden bzw. f\u00fcr konkrete soziale Projekte zur Verf\u00fcgung stellen. F\u00f6rderungs- und antragsberechtigt sind jedoch in der Regel nur gemeinn\u00fctzige Vereine. Die Kita selbst (also hier der kommunale Tr\u00e4ger) w\u00fcrde gar nicht in den Genuss dieser Unterst\u00fctzung kommen. Wir als gemeinn\u00fctziger Verein d\u00fcrfen Spenden entgegennehmen und Spendenquittungen ausstellen.<\/p>\n<p style=\"text-align: justify;\"><strong>Das\u00a0Anliegen unseres Vereins\u00a0ist die schnelle und unb\u00fcrokratische Unterst\u00fctzung von Projekten und Zielen der Kita Werderaner Fr\u00fcchtchen zum Wohle unserer Kinder.<\/strong><\/p>\n<p><strong><a href=\"http:\/\/xn--werderaner-frchtchen-1ec.de\/wp-content\/uploads\/2023\/08\/Original-on-Transparent.png\"><img loading=\"lazy\" decoding=\"async\" class=\"alignleft size-medium wp-image-3399\" src=\"http:\/\/xn--werderaner-frchtchen-1ec.de\/wp-content\/uploads\/2023\/08\/Original-on-Transparent-300x84.png\" alt=\"\" width=\"300\" height=\"84\" srcset=\"https:\/\/werderaner-fruechtchen.de\/wp-content\/uploads\/2023\/08\/Original-on-Transparent-300x84.png 300w, https:\/\/werderaner-fruechtchen.de\/wp-content\/uploads\/2023\/08\/Original-on-Transparent-1024x287.png 1024w, https:\/\/werderaner-fruechtchen.de\/wp-content\/uploads\/2023\/08\/Original-on-Transparent-768x215.png 768w, https:\/\/werderaner-fruechtchen.de\/wp-content\/uploads\/2023\/08\/Original-on-Transparent-1536x430.png 1536w, https:\/\/werderaner-fruechtchen.de\/wp-content\/uploads\/2023\/08\/Original-on-Transparent-2048x573.png 2048w\" sizes=\"auto, (max-width: 300px) 100vw, 300px\" \/><\/a><\/strong>Der F\u00f6rderverein der Kita Werderaner Fr\u00fcchtchen e. V. wurde 2007 gegr\u00fcndet. Der Verein ist im Vereinsregister des AG Potsdam eingetragen und vom FA Brandenburg <strong>als gemeinn\u00fctzig anerkannt<\/strong> worden.<\/p>\n<p style=\"text-align: justify;\">Satzungsm\u00e4\u00dfige Aufgabe des F\u00f6rdervereins ist die F\u00f6rderung der Jugendhilfe durch die finanzielle Unterst\u00fctzung unserer Kindertagesst\u00e4tte &#8222;Werderaner Fr\u00fcchtchen&#8220; insbesondere durch Einsammeln von Spenden und der Organisation von Veranstaltungen, die der Werbung f\u00fcr den gef\u00f6rderten Zweck dienen. Hierbei soll besonders auch die Arbeit in der Kindertagesst\u00e4tte in der \u00d6ffentlichkeit pr\u00e4sentiert werden. Veranstaltungen der Kita sollen unterst\u00fctzt und Elternbeteiligung angeregt und gef\u00f6rdert werden.<\/p>\n<p style=\"text-align: justify;\"><strong>Helfen Sie mit einer<a title=\"Unsere Sponsoren &amp; Ihre Spende\" href=\"http:\/\/xn--werderaner-frchtchen-1ec.de\/wp-content\/uploads\/2024\/05\/SEPA2024.pdf\"> Spende <\/a>oder werden Sie <a title=\"Mitglied im F\u00f6rderverein werden\" href=\"http:\/\/xn--werderaner-frchtchen-1ec.de\/wp-content\/uploads\/2024\/05\/Mitgliedsantrag2024.pdf\">Mitglied<\/a> in unserem Verein &#8230;<\/strong><\/p>\n","protected":false},"excerpt":{"rendered":"<p>In Zeiten knapper Haushaltskassen und Diskussionen \u00fcber die Finanzierung von Kitas, Schulen und Freizeitangeboten f\u00fcr Kinder sind soziales Engagement und Eigeninitiative notwendiger denn je! Warum F\u00f6rderverein? Eine Antwort auf die Frage nach dem Sinn von F\u00f6rdervereinen ist schlicht und einfach, dass viele Unternehmen (z. B. Banken) jedes Jahr Geld f\u00fcr gemeinn\u00fctzige Arbeit von Mitarbeitenden bzw. [&hellip;]<\/p>\n","protected":false},"author":1,"featured_media":0,"parent":6,"menu_order":1,"comment_status":"closed","ping_status":"closed","template":"","meta":{"footnotes":""},"class_list":["post-879","page","type-page","status-publish","hentry"],"_links":{"self":[{"href":"https:\/\/werderaner-fruechtchen.de\/index.php?rest_route=\/wp\/v2\/pages\/879","targetHints":{"allow":["GET"]}}],"collection":[{"href":"https:\/\/werderaner-fruechtchen.de\/index.php?rest_route=\/wp\/v2\/pages"}],"about":[{"href":"https:\/\/werderaner-fruechtchen.de\/index.php?rest_route=\/wp\/v2\/types\/page"}],"author":[{"embeddable":true,"href":"https:\/\/werderaner-fruechtchen.de\/index.php?rest_route=\/wp\/v2\/users\/1"}],"replies":[{"embeddable":true,"href":"https:\/\/werderaner-fruechtchen.de\/index.php?rest_route=%2Fwp%2Fv2%2Fcomments&post=879"}],"version-history":[{"count":15,"href":"https:\/\/werderaner-fruechtchen.de\/index.php?rest_route=\/wp\/v2\/pages\/879\/revisions"}],"predecessor-version":[{"id":3797,"href":"https:\/\/werderaner-fruechtchen.de\/index.php?rest_route=\/wp\/v2\/pages\/879\/revisions\/3797"}],"up":[{"embeddable":true,"href":"https:\/\/werderaner-fruechtchen.de\/index.php?rest_route=\/wp\/v2\/pages\/6"}],"wp:attachment":[{"href":"https:\/\/werderaner-fruechtchen.de\/index.php?rest_route=%2Fwp%2Fv2%2Fmedia&parent=879"}],"curies":[{"name":"wp","href":"https:\/\/api.w.org\/{rel}","templated":true}]}}