{"id":3958,"date":"2025-01-11T19:35:55","date_gmt":"2025-01-11T19:35:55","guid":{"rendered":"http:\/\/xn--werderaner-frchtchen-1ec.de\/?page_id=3958"},"modified":"2025-03-02T19:16:55","modified_gmt":"2025-03-02T19:16:55","slug":"weihnachtsmann-2024","status":"publish","type":"page","link":"https:\/\/werderaner-fruechtchen.de\/?page_id=3958","title":{"rendered":"Weihnachtsmann (2024)"},"content":{"rendered":"\n<p>&nbsp;&nbsp;&nbsp;&nbsp;&nbsp;&nbsp;&nbsp;<strong><br><\/strong>Am 10. Dezember 2024 war es endlich so weit: Der <strong>Weihnachtsmann<\/strong> hat unsere Kita besucht und viele Kinderaugen zum Leuchten gebracht.<\/p>\n\n\n\n<p>In seinem Sack hatte er zahlreiche tolle Geschenke, die f\u00fcr gro\u00dfe Freude sorgten.<\/p>\n\n\n\n<figure class=\"wp-block-image size-large is-resized\"><a href=\"http:\/\/xn--werderaner-frchtchen-1ec.de\/wp-content\/uploads\/2025\/01\/20241203_201619-scaled.jpg\"><img loading=\"lazy\" decoding=\"async\" src=\"http:\/\/xn--werderaner-frchtchen-1ec.de\/wp-content\/uploads\/2025\/01\/20241203_201619-1024x1024.jpg\" alt=\"\" class=\"wp-image-3959\" width=\"512\" height=\"512\" srcset=\"https:\/\/werderaner-fruechtchen.de\/wp-content\/uploads\/2025\/01\/20241203_201619-1024x1024.jpg 1024w, https:\/\/werderaner-fruechtchen.de\/wp-content\/uploads\/2025\/01\/20241203_201619-300x300.jpg 300w, https:\/\/werderaner-fruechtchen.de\/wp-content\/uploads\/2025\/01\/20241203_201619-150x150.jpg 150w, https:\/\/werderaner-fruechtchen.de\/wp-content\/uploads\/2025\/01\/20241203_201619-768x768.jpg 768w, https:\/\/werderaner-fruechtchen.de\/wp-content\/uploads\/2025\/01\/20241203_201619-1536x1536.jpg 1536w, https:\/\/werderaner-fruechtchen.de\/wp-content\/uploads\/2025\/01\/20241203_201619-2048x2048.jpg 2048w\" sizes=\"auto, (max-width: 512px) 100vw, 512px\" \/><\/a><\/figure>\n\n\n\n<p><\/p>\n\n\n\n<p>Wir vom F\u00f6rderverein haben uns dieses Jahr mit viel Engagement an den Geschenken beteiligt und konnten dank eurer Unterst\u00fctzung wundervolle Sachen f\u00fcr die Kinder anschaffen:<\/p>\n\n\n\n<p>\ud83c\udf81 <strong>Geschenke im \u00dcberblick <\/strong>\ud83c\udf81<\/p>\n\n\n\n<ul class=\"wp-block-list\">\n<li>drei Teppiche f\u00fcr gem\u00fctliche Spielstunden<\/li>\n\n\n\n<li>eine tolle Matschk\u00fcche f\u00fcr fantasievolles Spielen<\/li>\n\n\n\n<li>ein Puppenwagen f\u00fcr unsere Puppeneltern<\/li>\n\n\n\n<li>Stapel- und Bausteine f\u00fcr kreatives Bauen und Bewegung<\/li>\n\n\n\n<li>Kinetischer Sand f\u00fcr sensorische Erfahrungen<\/li>\n\n\n\n<li>eine Tonie-Figur f\u00fcr unsere Musikliebhaber<\/li>\n\n\n\n<li>Schleichtiere<\/li>\n\n\n\n<li>ein umfangreiches B\u00fccherpaket der Reihe <em>Was ist was<\/em><\/li>\n\n\n\n<li>Stempel und (Magnet-)Bausteine f\u00fcr kreatives Gestalten<\/li>\n\n\n\n<li>Motorikspiele zur F\u00f6rderung der Feinmotorik<\/li>\n\n\n\n<li>ein Spielhaus, das f\u00fcr viele Abenteuer sorgen wird<\/li>\n\n\n\n<li>eine Malmatte f\u00fcr kreative Kunstwerke<\/li>\n\n\n\n<li>eine Waage f\u00fcr den Kaufmannsladen, um den Alltag spielerisch nachzustellen.<\/li>\n<\/ul>\n\n\n\n<figure class=\"wp-block-image size-large is-resized\"><a href=\"http:\/\/xn--werderaner-frchtchen-1ec.de\/wp-content\/uploads\/2025\/01\/IMG-20241210-WA0007.jpg\"><img loading=\"lazy\" decoding=\"async\" src=\"http:\/\/xn--werderaner-frchtchen-1ec.de\/wp-content\/uploads\/2025\/01\/IMG-20241210-WA0007-768x1024.jpg\" alt=\"\" class=\"wp-image-3960\" width=\"576\" height=\"768\" srcset=\"https:\/\/werderaner-fruechtchen.de\/wp-content\/uploads\/2025\/01\/IMG-20241210-WA0007-768x1024.jpg 768w, https:\/\/werderaner-fruechtchen.de\/wp-content\/uploads\/2025\/01\/IMG-20241210-WA0007-225x300.jpg 225w, https:\/\/werderaner-fruechtchen.de\/wp-content\/uploads\/2025\/01\/IMG-20241210-WA0007-1152x1536.jpg 1152w, https:\/\/werderaner-fruechtchen.de\/wp-content\/uploads\/2025\/01\/IMG-20241210-WA0007.jpg 1200w\" sizes=\"auto, (max-width: 576px) 100vw, 576px\" \/><\/a><\/figure>\n\n\n\n<p>Insgesamt haben wir als F\u00f6rderverein in diesem Jahr <strong>1.641,64 \u20ac<\/strong> f\u00fcr die Weihnachtsgeschenke der Kinder investiert.<\/p>\n\n\n\n<p>Ein herzliches Dankesch\u00f6n gilt allen Mitgliedern und Unterst\u00fctzern unseres F\u00f6rdervereins!<\/p>\n\n\n\n<p>Ohne eure tatkr\u00e4ftige Mithilfe und eure Spenden w\u00e4re ein so flei\u00dfiger Weihnachtsmann nicht m\u00f6glich gewesen.<\/p>\n\n\n\n<p>Viele Gr\u00fc\u00dfe Euer&nbsp;&nbsp;&nbsp;&nbsp;&nbsp;&nbsp;&nbsp;&nbsp;&nbsp;&nbsp;&nbsp;&nbsp;&nbsp;&nbsp;&nbsp;&nbsp;&nbsp;&nbsp;&nbsp;&nbsp;&nbsp;&nbsp;&nbsp;&nbsp;&nbsp;&nbsp;&nbsp;&nbsp;&nbsp;&nbsp;&nbsp;&nbsp;&nbsp;&nbsp;&nbsp;&nbsp;&nbsp;&nbsp;&nbsp;&nbsp;&nbsp;&nbsp;&nbsp;&nbsp;&nbsp;&nbsp;&nbsp;&nbsp;&nbsp;&nbsp;&nbsp;&nbsp;&nbsp;&nbsp;&nbsp;&nbsp;&nbsp;&nbsp;&nbsp;&nbsp;&nbsp;&nbsp;&nbsp;&nbsp;&nbsp;&nbsp;&nbsp;&nbsp;&nbsp;&nbsp;&nbsp;&nbsp;&nbsp;&nbsp;&nbsp;&nbsp;&nbsp;&nbsp;&nbsp;&nbsp;&nbsp; &nbsp;&nbsp;&nbsp;&nbsp;&nbsp;&nbsp;&nbsp;&nbsp;&nbsp;&nbsp;&nbsp;&nbsp;&nbsp;&nbsp;&nbsp;&nbsp;&nbsp;&nbsp;&nbsp;&nbsp;&nbsp;&nbsp;&nbsp;&nbsp;&nbsp;&nbsp;&nbsp;&nbsp;&nbsp;&nbsp;&nbsp;&nbsp;&nbsp;&nbsp;&nbsp;&nbsp;&nbsp;&nbsp;&nbsp;&nbsp;&nbsp;&nbsp;&nbsp;&nbsp;&nbsp;&nbsp;&nbsp;&nbsp;&nbsp;&nbsp;&nbsp;&nbsp;&nbsp;&nbsp;&nbsp;&nbsp;&nbsp;&nbsp;&nbsp;&nbsp;&nbsp;&nbsp;&nbsp;&nbsp;&nbsp;&nbsp;&nbsp;&nbsp;&nbsp;&nbsp;&nbsp;&nbsp;&nbsp;&nbsp;&nbsp;&nbsp;&nbsp;&nbsp;&nbsp;&nbsp;&nbsp;&nbsp;&nbsp;&nbsp;&nbsp;&nbsp;&nbsp;&nbsp;&nbsp;&nbsp;&nbsp;&nbsp;&nbsp;&nbsp;&nbsp;&nbsp;&nbsp;&nbsp;&nbsp;&nbsp;&nbsp;&nbsp;&nbsp;&nbsp;&nbsp;&nbsp;&nbsp;<\/p>\n\n\n\n<figure class=\"wp-block-image size-large is-resized\"><a href=\"http:\/\/xn--werderaner-frchtchen-1ec.de\/wp-content\/uploads\/2024\/11\/Original-on-Transparent-1.png\"><img loading=\"lazy\" decoding=\"async\" src=\"http:\/\/xn--werderaner-frchtchen-1ec.de\/wp-content\/uploads\/2024\/11\/Original-on-Transparent-1-1024x287.png\" alt=\"\" class=\"wp-image-3934\" width=\"512\" height=\"144\" srcset=\"https:\/\/werderaner-fruechtchen.de\/wp-content\/uploads\/2024\/11\/Original-on-Transparent-1-1024x287.png 1024w, https:\/\/werderaner-fruechtchen.de\/wp-content\/uploads\/2024\/11\/Original-on-Transparent-1-300x84.png 300w, https:\/\/werderaner-fruechtchen.de\/wp-content\/uploads\/2024\/11\/Original-on-Transparent-1-768x215.png 768w, https:\/\/werderaner-fruechtchen.de\/wp-content\/uploads\/2024\/11\/Original-on-Transparent-1-1536x430.png 1536w, https:\/\/werderaner-fruechtchen.de\/wp-content\/uploads\/2024\/11\/Original-on-Transparent-1-2048x573.png 2048w\" sizes=\"auto, (max-width: 512px) 100vw, 512px\" \/><\/a><\/figure>\n","protected":false},"excerpt":{"rendered":"<p>&nbsp;&nbsp;&nbsp;&nbsp;&nbsp;&nbsp;&nbsp;Am 10. Dezember 2024 war es endlich so weit: Der Weihnachtsmann hat unsere Kita besucht und viele Kinderaugen zum Leuchten gebracht. In seinem Sack hatte er zahlreiche tolle Geschenke, die f\u00fcr gro\u00dfe Freude sorgten. Wir vom F\u00f6rderverein haben uns dieses Jahr mit viel Engagement an den Geschenken beteiligt und konnten dank eurer Unterst\u00fctzung wundervolle Sachen [&hellip;]<\/p>\n","protected":false},"author":1,"featured_media":0,"parent":0,"menu_order":0,"comment_status":"closed","ping_status":"closed","template":"","meta":{"footnotes":""},"class_list":["post-3958","page","type-page","status-publish","hentry"],"_links":{"self":[{"href":"https:\/\/werderaner-fruechtchen.de\/index.php?rest_route=\/wp\/v2\/pages\/3958","targetHints":{"allow":["GET"]}}],"collection":[{"href":"https:\/\/werderaner-fruechtchen.de\/index.php?rest_route=\/wp\/v2\/pages"}],"about":[{"href":"https:\/\/werderaner-fruechtchen.de\/index.php?rest_route=\/wp\/v2\/types\/page"}],"author":[{"embeddable":true,"href":"https:\/\/werderaner-fruechtchen.de\/index.php?rest_route=\/wp\/v2\/users\/1"}],"replies":[{"embeddable":true,"href":"https:\/\/werderaner-fruechtchen.de\/index.php?rest_route=%2Fwp%2Fv2%2Fcomments&post=3958"}],"version-history":[{"count":2,"href":"https:\/\/werderaner-fruechtchen.de\/index.php?rest_route=\/wp\/v2\/pages\/3958\/revisions"}],"predecessor-version":[{"id":3981,"href":"https:\/\/werderaner-fruechtchen.de\/index.php?rest_route=\/wp\/v2\/pages\/3958\/revisions\/3981"}],"wp:attachment":[{"href":"https:\/\/werderaner-fruechtchen.de\/index.php?rest_route=%2Fwp%2Fv2%2Fmedia&parent=3958"}],"curies":[{"name":"wp","href":"https:\/\/api.w.org\/{rel}","templated":true}]}}