{"id":3442,"date":"2023-09-03T18:18:28","date_gmt":"2023-09-03T18:18:28","guid":{"rendered":"http:\/\/xn--werderaner-frchtchen-1ec.de\/?page_id=3442"},"modified":"2023-09-06T18:26:01","modified_gmt":"2023-09-06T18:26:01","slug":"barfusspfad-2023","status":"publish","type":"page","link":"https:\/\/werderaner-fruechtchen.de\/?page_id=3442","title":{"rendered":"Barfu\u00dfpfad (2023)"},"content":{"rendered":"\n<p><img loading=\"lazy\" decoding=\"async\" width=\"200\" height=\"267\" class=\"wp-image-3446\" style=\"width: 200px;\" src=\"http:\/\/xn--werderaner-frchtchen-1ec.de\/wp-content\/uploads\/2023\/09\/Barfusspfad1-scaled.jpg\" alt=\"\" srcset=\"https:\/\/werderaner-fruechtchen.de\/wp-content\/uploads\/2023\/09\/Barfusspfad1-scaled.jpg 1920w, https:\/\/werderaner-fruechtchen.de\/wp-content\/uploads\/2023\/09\/Barfusspfad1-225x300.jpg 225w, https:\/\/werderaner-fruechtchen.de\/wp-content\/uploads\/2023\/09\/Barfusspfad1-768x1024.jpg 768w, https:\/\/werderaner-fruechtchen.de\/wp-content\/uploads\/2023\/09\/Barfusspfad1-1152x1536.jpg 1152w, https:\/\/werderaner-fruechtchen.de\/wp-content\/uploads\/2023\/09\/Barfusspfad1-1536x2048.jpg 1536w\" sizes=\"auto, (max-width: 200px) 100vw, 200px\" \/>   <img loading=\"lazy\" decoding=\"async\" width=\"200\" height=\"267\" class=\"wp-image-3447\" style=\"width: 200px;\" src=\"http:\/\/xn--werderaner-frchtchen-1ec.de\/wp-content\/uploads\/2023\/09\/Barfusspfad4-scaled.jpg\" alt=\"\" srcset=\"https:\/\/werderaner-fruechtchen.de\/wp-content\/uploads\/2023\/09\/Barfusspfad4-scaled.jpg 1920w, https:\/\/werderaner-fruechtchen.de\/wp-content\/uploads\/2023\/09\/Barfusspfad4-225x300.jpg 225w, https:\/\/werderaner-fruechtchen.de\/wp-content\/uploads\/2023\/09\/Barfusspfad4-768x1024.jpg 768w, https:\/\/werderaner-fruechtchen.de\/wp-content\/uploads\/2023\/09\/Barfusspfad4-1152x1536.jpg 1152w, https:\/\/werderaner-fruechtchen.de\/wp-content\/uploads\/2023\/09\/Barfusspfad4-1536x2048.jpg 1536w\" sizes=\"auto, (max-width: 200px) 100vw, 200px\" \/><\/p>\n\n\n\n<p>Im Rahmen des Arbeitseinsatzes am 2. September 2023 wurde der Barfu\u00dfpfad durch flei\u00dfige Helfer*innen komplett erneuert. Dieser war in die Jahre gekommen und beinhaltete teilweise keine Materialien mehr.<br><br>   <img loading=\"lazy\" decoding=\"async\" width=\"200\" height=\"171\" class=\"wp-image-3448\" style=\"width: 200px;\" src=\"http:\/\/xn--werderaner-frchtchen-1ec.de\/wp-content\/uploads\/2023\/09\/IMG-20230902-WA0028.jpg\" alt=\"\" srcset=\"https:\/\/werderaner-fruechtchen.de\/wp-content\/uploads\/2023\/09\/IMG-20230902-WA0028.jpg 1536w, https:\/\/werderaner-fruechtchen.de\/wp-content\/uploads\/2023\/09\/IMG-20230902-WA0028-300x256.jpg 300w, https:\/\/werderaner-fruechtchen.de\/wp-content\/uploads\/2023\/09\/IMG-20230902-WA0028-1024x873.jpg 1024w, https:\/\/werderaner-fruechtchen.de\/wp-content\/uploads\/2023\/09\/IMG-20230902-WA0028-768x655.jpg 768w\" sizes=\"auto, (max-width: 200px) 100vw, 200px\" \/><\/p>\n\n\n\n<p>Am Ende des Tages konnte der Barfu\u00dfpfad als Highlight des Arbeitseinsatzes von 11 Kindern freudestrahlend eingeweiht werden. Diese konnten von den verschiedenen Materialien (Tannenzapfen, Marmorkies, Pinienrinde, Kunstrasen, Rutschmatten etc.) nicht genug bekommen und so wurde der Pfad gleich mehrfach durchlaufen. \ud83d\ude0a<br><br><img loading=\"lazy\" decoding=\"async\" width=\"300\" height=\"209\" class=\"wp-image-3423\" style=\"width: 300px;\" src=\"http:\/\/xn--werderaner-frchtchen-1ec.de\/wp-content\/uploads\/2023\/09\/20230902_130800HP-scaled.jpg\" alt=\"\" srcset=\"https:\/\/werderaner-fruechtchen.de\/wp-content\/uploads\/2023\/09\/20230902_130800HP-scaled.jpg 2560w, https:\/\/werderaner-fruechtchen.de\/wp-content\/uploads\/2023\/09\/20230902_130800HP-300x209.jpg 300w, https:\/\/werderaner-fruechtchen.de\/wp-content\/uploads\/2023\/09\/20230902_130800HP-1024x712.jpg 1024w, https:\/\/werderaner-fruechtchen.de\/wp-content\/uploads\/2023\/09\/20230902_130800HP-768x534.jpg 768w, https:\/\/werderaner-fruechtchen.de\/wp-content\/uploads\/2023\/09\/20230902_130800HP-1536x1068.jpg 1536w, https:\/\/werderaner-fruechtchen.de\/wp-content\/uploads\/2023\/09\/20230902_130800HP-2048x1424.jpg 2048w\" sizes=\"auto, (max-width: 300px) 100vw, 300px\" \/>   <img loading=\"lazy\" decoding=\"async\" width=\"165\" height=\"208\" class=\"wp-image-3438\" style=\"width: 165px;\" src=\"http:\/\/xn--werderaner-frchtchen-1ec.de\/wp-content\/uploads\/2023\/09\/IMG-20230902-WA0078HP.jpg\" alt=\"\" srcset=\"https:\/\/werderaner-fruechtchen.de\/wp-content\/uploads\/2023\/09\/IMG-20230902-WA0078HP.jpg 1416w, https:\/\/werderaner-fruechtchen.de\/wp-content\/uploads\/2023\/09\/IMG-20230902-WA0078HP-237x300.jpg 237w, https:\/\/werderaner-fruechtchen.de\/wp-content\/uploads\/2023\/09\/IMG-20230902-WA0078HP-810x1024.jpg 810w, https:\/\/werderaner-fruechtchen.de\/wp-content\/uploads\/2023\/09\/IMG-20230902-WA0078HP-768x970.jpg 768w, https:\/\/werderaner-fruechtchen.de\/wp-content\/uploads\/2023\/09\/IMG-20230902-WA0078HP-1216x1536.jpg 1216w\" sizes=\"auto, (max-width: 165px) 100vw, 165px\" \/><\/p>\n\n\n\n<p><\/p>\n\n\n\n<p>An dieser Stelle m\u00f6chten wir uns ganz herzlich beim <br><strong>Gartencenter Geltow<\/strong> (Potsdamer Blumen eG) <img loading=\"lazy\" decoding=\"async\" width=\"200\" height=\"40\" class=\"wp-image-3439\" style=\"width: 200px;\" src=\"http:\/\/xn--werderaner-frchtchen-1ec.de\/wp-content\/uploads\/2023\/09\/Logo-ohne-Slogan-ohne-Blume-Kopie-300x60-1.png\" alt=\"\"> <\/p>\n\n\n\n<p><\/p>\n\n\n\n<p><\/p>\n\n\n\n<p>und <strong>Hagebaumarkt Werder<\/strong> (B\u00fcrger Bau- und Heimwerkerm\u00e4rkte GmbH) <img loading=\"lazy\" decoding=\"async\" width=\"100\" height=\"100\" class=\"wp-image-3440\" style=\"width: 100px;\" src=\"http:\/\/xn--werderaner-frchtchen-1ec.de\/wp-content\/uploads\/2023\/09\/HAgebaumarkt.png\" alt=\"\" srcset=\"https:\/\/werderaner-fruechtchen.de\/wp-content\/uploads\/2023\/09\/HAgebaumarkt.png 225w, https:\/\/werderaner-fruechtchen.de\/wp-content\/uploads\/2023\/09\/HAgebaumarkt-150x150.png 150w\" sizes=\"auto, (max-width: 100px) 100vw, 100px\" \/> <\/p>\n\n\n\n<p><\/p>\n\n\n\n<p>f\u00fcr ihre Sachspenden f\u00fcr den Barfu\u00dfpfad bedanken! <\/p>\n\n\n\n<p>Ohne sie h\u00e4tten wir dieses Projekt nicht verwirklichen k\u00f6nnen.<\/p>\n","protected":false},"excerpt":{"rendered":"<p>Im Rahmen des Arbeitseinsatzes am 2. September 2023 wurde der Barfu\u00dfpfad durch flei\u00dfige Helfer*innen komplett erneuert. Dieser war in die Jahre gekommen und beinhaltete teilweise keine Materialien mehr. Am Ende des Tages konnte der Barfu\u00dfpfad als Highlight des Arbeitseinsatzes von 11 Kindern freudestrahlend eingeweiht werden. Diese konnten von den verschiedenen Materialien (Tannenzapfen, Marmorkies, Pinienrinde, Kunstrasen, [&hellip;]<\/p>\n","protected":false},"author":1,"featured_media":0,"parent":18,"menu_order":0,"comment_status":"closed","ping_status":"closed","template":"","meta":{"footnotes":""},"class_list":["post-3442","page","type-page","status-publish","hentry"],"_links":{"self":[{"href":"https:\/\/werderaner-fruechtchen.de\/index.php?rest_route=\/wp\/v2\/pages\/3442","targetHints":{"allow":["GET"]}}],"collection":[{"href":"https:\/\/werderaner-fruechtchen.de\/index.php?rest_route=\/wp\/v2\/pages"}],"about":[{"href":"https:\/\/werderaner-fruechtchen.de\/index.php?rest_route=\/wp\/v2\/types\/page"}],"author":[{"embeddable":true,"href":"https:\/\/werderaner-fruechtchen.de\/index.php?rest_route=\/wp\/v2\/users\/1"}],"replies":[{"embeddable":true,"href":"https:\/\/werderaner-fruechtchen.de\/index.php?rest_route=%2Fwp%2Fv2%2Fcomments&post=3442"}],"version-history":[{"count":5,"href":"https:\/\/werderaner-fruechtchen.de\/index.php?rest_route=\/wp\/v2\/pages\/3442\/revisions"}],"predecessor-version":[{"id":3452,"href":"https:\/\/werderaner-fruechtchen.de\/index.php?rest_route=\/wp\/v2\/pages\/3442\/revisions\/3452"}],"up":[{"embeddable":true,"href":"https:\/\/werderaner-fruechtchen.de\/index.php?rest_route=\/wp\/v2\/pages\/18"}],"wp:attachment":[{"href":"https:\/\/werderaner-fruechtchen.de\/index.php?rest_route=%2Fwp%2Fv2%2Fmedia&parent=3442"}],"curies":[{"name":"wp","href":"https:\/\/api.w.org\/{rel}","templated":true}]}}