{"id":1417,"date":"2013-04-27T18:16:10","date_gmt":"2013-04-27T18:16:10","guid":{"rendered":"http:\/\/xn--werderaner-frchtchen-1ec.de\/?page_id=1417"},"modified":"2023-07-30T19:21:13","modified_gmt":"2023-07-30T19:21:13","slug":"spielplatzerneuerung-haus-1","status":"publish","type":"page","link":"https:\/\/werderaner-fruechtchen.de\/?page_id=1417","title":{"rendered":"Spielplatz Haus 1 (2013-15)"},"content":{"rendered":"<p style=\"text-align: justify;\"><span style=\"color: #008000;\"><strong>Das gro\u00dfe Projekt der Kita und des F\u00f6rdervereins seit 2013 ist die Neugestaltung des Spielplatzes von Haus 1. <\/strong><\/span><\/p>\n<p style=\"text-align: justify;\"><strong><img loading=\"lazy\" decoding=\"async\" class=\"wp-image-2192 alignleft\" src=\"http:\/\/xn--werderaner-frchtchen-1ec.de\/wp-content\/uploads\/2015\/12\/Bolzplatz-Matten_12-2015.jpg\" alt=\"\" width=\"200\" height=\"150\" \/>In diesem Jahr (2015)<\/strong>\u00a0wurde nun endlich ein richtiger <strong>Sportbodenbelag<\/strong> angeschafft, der\u00a0den provisorischen Rindenmulch des <strong>Bolzplatzes<\/strong> ersetzen soll. Der F\u00f6rderverein bedankt sich f\u00fcr die\u00a0zahlreichen Spenden und das Engagement bei den verschiedenen Sammelaktionen (Kuchenbasare, Papiersammeltonne usw.)\u00a0zur Umsetzung des Projekts.\u00a0Nach dem Fr\u00fchjahrsputz sollen die Gummigranulatplatten dann auf dem Bolzplatz verlegt werden.<\/p>\n<p style=\"text-align: justify;\"><span style=\"color: #008000;\"><strong>Die Ausgangssituation vor zwei Jahren:<br \/>\n<\/strong><\/span><\/p>\n<p style=\"text-align: justify;\">Es bestand der Bedarf, f\u00fcr die ganz kleinen Kinder geeignetere Bereiche zu schaffen, vorhandene Spielger\u00e4te\u00a0aufzufrischen und auch ein Fu\u00dfballfeld w\u00fcnschten sich die Kinder.<img loading=\"lazy\" decoding=\"async\" class=\"alignleft\" src=\"http:\/\/xn--werderaner-frchtchen-1ec.de\/wp-content\/uploads\/images\/Titelbild Spielplatz.jpg\" alt=\"\" width=\"250\" height=\"167\" \/><\/p>\n<p style=\"text-align: justify;\">Engagierte Eltern, Mitarbeiter*innen unserer Kindertagesst\u00e4tte und Stadtvertreter diskutierten viel, entwickelten Konzepte\u00a0\u00a0und planten\u00a0\u00a0Teilprojekte zur st\u00fcckweisen Umsetzung der Spielplatzumgestaltung&#8230;<\/p>\n<p style=\"text-align: justify;\">Zum Beispiel\u00a0gelang es 2013 mithilfe des gro\u00dfen Engagements von Herrn Kelm und der Finanzierung durch den F\u00f6rderverein\u00a0zwei farbenfrohe <strong>Fu\u00dfballtore<\/strong> herzustellen! Parallel hierzu wurden Basketballk\u00f6rbe am Giebel von Haus 1 angebracht! Jetzt k\u00f6nnen von unseren kleinen Sportlern also flei\u00dfig\u00a0B\u00e4lle gekickt und geworfen werden!<\/p>\n<p><img decoding=\"async\" class=\"alignleft\" src=\"http:\/\/xn--werderaner-frchtchen-1ec.de\/wp-content\/uploads\/images\/Tor_gelb.jpg\" alt=\"\" \/><strong><span style=\"color: #99cc00;\"><img decoding=\"async\" src=\"http:\/\/xn--werderaner-frchtchen-1ec.de\/wp-content\/uploads\/images\/Tor_gruen.jpg\" alt=\"\" \/><\/span><\/strong><\/p>\n<p style=\"text-align: justify;\">Au\u00dferdem wurde eine <strong>Wasserbahn<\/strong> auf dem Spielplatz gebaut, die den Kinder ganz besonders an hei\u00dfen Sommertagen viel Spa\u00df mit Wasserspielen bereitet. Und <strong>im letzten Jahr (2014)<\/strong> konnte mithilfe des F\u00f6rdervereins endlich ein neues Spielger\u00e4t f\u00fcr unsere Kleinen angeschafft werden:\u00a0Eine <strong>Elefantenrutsche<\/strong>. Inzwischen\u00a0hat sie auf dem Spielplatz auch ihren Platz eingenommen und wurde von den Kindern eingeweiht.<\/p>\n<p><img decoding=\"async\" class=\"alignleft\" src=\"http:\/\/xn--werderaner-frchtchen-1ec.de\/wp-content\/uploads\/images\/elefant.jpg\" alt=\"\" \/><\/p>\n<p style=\"text-align: justify;\">\n","protected":false},"excerpt":{"rendered":"<p>Das gro\u00dfe Projekt der Kita und des F\u00f6rdervereins seit 2013 ist die Neugestaltung des Spielplatzes von Haus 1. In diesem Jahr (2015)\u00a0wurde nun endlich ein richtiger Sportbodenbelag angeschafft, der\u00a0den provisorischen Rindenmulch des Bolzplatzes ersetzen soll. Der F\u00f6rderverein bedankt sich f\u00fcr die\u00a0zahlreichen Spenden und das Engagement bei den verschiedenen Sammelaktionen (Kuchenbasare, Papiersammeltonne usw.)\u00a0zur Umsetzung des Projekts.\u00a0Nach [&hellip;]<\/p>\n","protected":false},"author":1,"featured_media":0,"parent":18,"menu_order":0,"comment_status":"open","ping_status":"closed","template":"","meta":{"footnotes":""},"class_list":["post-1417","page","type-page","status-publish","hentry"],"_links":{"self":[{"href":"https:\/\/werderaner-fruechtchen.de\/index.php?rest_route=\/wp\/v2\/pages\/1417","targetHints":{"allow":["GET"]}}],"collection":[{"href":"https:\/\/werderaner-fruechtchen.de\/index.php?rest_route=\/wp\/v2\/pages"}],"about":[{"href":"https:\/\/werderaner-fruechtchen.de\/index.php?rest_route=\/wp\/v2\/types\/page"}],"author":[{"embeddable":true,"href":"https:\/\/werderaner-fruechtchen.de\/index.php?rest_route=\/wp\/v2\/users\/1"}],"replies":[{"embeddable":true,"href":"https:\/\/werderaner-fruechtchen.de\/index.php?rest_route=%2Fwp%2Fv2%2Fcomments&post=1417"}],"version-history":[{"count":18,"href":"https:\/\/werderaner-fruechtchen.de\/index.php?rest_route=\/wp\/v2\/pages\/1417\/revisions"}],"predecessor-version":[{"id":3378,"href":"https:\/\/werderaner-fruechtchen.de\/index.php?rest_route=\/wp\/v2\/pages\/1417\/revisions\/3378"}],"up":[{"embeddable":true,"href":"https:\/\/werderaner-fruechtchen.de\/index.php?rest_route=\/wp\/v2\/pages\/18"}],"wp:attachment":[{"href":"https:\/\/werderaner-fruechtchen.de\/index.php?rest_route=%2Fwp%2Fv2%2Fmedia&parent=1417"}],"curies":[{"name":"wp","href":"https:\/\/api.w.org\/{rel}","templated":true}]}}